{"id":144,"date":"2020-07-03T13:15:41","date_gmt":"2020-07-03T13:15:41","guid":{"rendered":"https:\/\/bridge378.qodeinteractive.com\/?page_id=144"},"modified":"2025-10-17T09:58:24","modified_gmt":"2025-10-17T09:58:24","slug":"kontaktieren-sie-uns","status":"publish","type":"page","link":"https:\/\/underdevelopment.website\/?page_id=144","title":{"rendered":"Kontaktieren Sie uns"},"content":{"rendered":"\t\t<div data-elementor-type=\"wp-page\" data-elementor-id=\"144\" class=\"elementor elementor-144\">\n\t\t\t\t\t\t<section class=\"elementor-section elementor-top-section elementor-element elementor-element-b9fd442 elementor-section-full_width qode_elementor_container_inner elementor-section-height-default elementor-section-height-default parallax_section_no\" data-id=\"b9fd442\" data-element_type=\"section\" data-e-type=\"section\">\n\t\t\t\t\t\t<div class=\"elementor-container elementor-column-gap-no\">\n\t\t\t\t\t<div class=\"elementor-column elementor-col-100 elementor-top-column elementor-element elementor-element-cb524fa\" data-id=\"cb524fa\" data-element_type=\"column\" data-e-type=\"column\">\n\t\t\t<div class=\"elementor-widget-wrap elementor-element-populated\">\n\t\t\t\t\t\t<div class=\"elementor-element elementor-element-b15cf72 elementor-widget elementor-widget-text-editor\" data-id=\"b15cf72\" data-element_type=\"widget\" data-e-type=\"widget\" data-widget_type=\"text-editor.default\">\n\t\t\t\t\t\t\t\t\t<h1 style=\"text-align: center;\">Kontaktieren Sie uns<\/h1>\t\t\t\t\t\t\t\t<\/div>\n\t\t\t\t<div class=\"elementor-element elementor-element-26d290c elementor-widget elementor-widget-text-editor\" data-id=\"26d290c\" data-element_type=\"widget\" data-e-type=\"widget\" data-widget_type=\"text-editor.default\">\n\t\t\t\t\t\t\t\t\t<h5 style=\"text-align: center;\">Wir freuen uns, von Ihnen zu h\u00f6ren und Ihre Fragen pers\u00f6nlich zu beantworten.\nF\u00fcllen Sie einfach das Formular aus, und wir melden uns so bald wie m\u00f6glich bei Ihnen.<\/h5>\t\t\t\t\t\t\t\t<\/div>\n\t\t\t\t<div class=\"elementor-element elementor-element-2038be3 elementor-widget elementor-widget-qi_addons_for_elementor_contact_form_7\" data-id=\"2038be3\" data-element_type=\"widget\" data-e-type=\"widget\" data-widget_type=\"qi_addons_for_elementor_contact_form_7.default\">\n\t\t\t\t<div class=\"elementor-widget-container\">\n\t\t\t\t\t<div class=\"qodef-shortcode qodef-m qodef-qi-contact-form-7\">\n\t\n<div class=\"wpcf7 no-js\" id=\"wpcf7-f145-o1\" lang=\"en-US\" dir=\"ltr\" data-wpcf7-id=\"145\">\n<div class=\"screen-reader-response\"><p role=\"status\" aria-live=\"polite\" aria-atomic=\"true\"><\/p> <ul><\/ul><\/div>\n<form action=\"\/index.php?rest_route=%2Fwp%2Fv2%2Fpages%2F144#wpcf7-f145-o1\" method=\"post\" class=\"wpcf7-form init\" aria-label=\"Contact form\" novalidate=\"novalidate\" data-status=\"init\">\n<fieldset class=\"hidden-fields-container\"><input type=\"hidden\" name=\"_wpcf7\" value=\"145\" \/><input type=\"hidden\" name=\"_wpcf7_version\" value=\"6.1.5\" \/><input type=\"hidden\" name=\"_wpcf7_locale\" value=\"en_US\" \/><input type=\"hidden\" name=\"_wpcf7_unit_tag\" value=\"wpcf7-f145-o1\" \/><input type=\"hidden\" name=\"_wpcf7_container_post\" value=\"0\" \/><input type=\"hidden\" name=\"_wpcf7_posted_data_hash\" value=\"\" \/>\n<\/fieldset>\n<div class=\"two_columns_50_50\" style=\"overflow: hidden\">\n<div class=\"column1\">\n<div class=\"column_inner\">\n <span class=\"wpcf7-form-control-wrap\" data-name=\"your-name\"><input size=\"40\" maxlength=\"400\" class=\"wpcf7-form-control wpcf7-text wpcf7-validates-as-required\" aria-required=\"true\" aria-invalid=\"false\" placeholder=\"First Name\" value=\"\" type=\"text\" name=\"your-name\" \/><\/span>\n<\/div>\n<\/div>\n<div class=\"column2\">\n<div class=\"column_inner\">\n<span class=\"wpcf7-form-control-wrap\" data-name=\"your-surename\"><input size=\"40\" maxlength=\"400\" class=\"wpcf7-form-control wpcf7-text wpcf7-validates-as-required\" aria-required=\"true\" aria-invalid=\"false\" placeholder=\"Last Name\" value=\"\" type=\"text\" name=\"your-surename\" \/><\/span>\n<\/div>\n<\/div>\n<\/div>\n<div class=\"two_columns_50_50\" style=\"overflow: hidden\">\n<div class=\"column1\">\n<div class=\"column_inner\">\n <span class=\"wpcf7-form-control-wrap\" data-name=\"email-11\"><input size=\"40\" maxlength=\"400\" class=\"wpcf7-form-control wpcf7-email wpcf7-validates-as-required wpcf7-text wpcf7-validates-as-email\" aria-required=\"true\" aria-invalid=\"false\" placeholder=\"Your E-mail\" value=\"\" type=\"email\" name=\"email-11\" \/><\/span>\n<\/div>\n<\/div>\n<div class=\"column2\">\n<div class=\"column_inner\">\n<span class=\"wpcf7-form-control-wrap\" data-name=\"tel-464\"><input size=\"40\" maxlength=\"400\" class=\"wpcf7-form-control wpcf7-tel wpcf7-validates-as-required wpcf7-text wpcf7-validates-as-tel\" aria-required=\"true\" aria-invalid=\"false\" placeholder=\"Mobile Number\" value=\"\" type=\"tel\" name=\"tel-464\" \/><\/span>\n<\/div>\n<\/div>\n<\/div>\n\n\n<div class=\"two_columns_50_50\" style=\"overflow: hidden\">\n<div class=\"column1\">\n<div class=\"column_inner\">\n <span class=\"wpcf7-form-control-wrap\" data-name=\"date-617\"><input class=\"wpcf7-form-control wpcf7-date wpcf7-validates-as-date\" aria-invalid=\"false\" placeholder=\"Date of Birth\" value=\"\" type=\"date\" name=\"date-617\" \/><\/span>\n<\/div>\n<\/div>\n<div class=\"column2\">\n<div class=\"column_inner\">\n<span class=\"wpcf7-form-control-wrap\" data-name=\"text-565\"><input size=\"40\" maxlength=\"400\" class=\"wpcf7-form-control wpcf7-text\" aria-invalid=\"false\" placeholder=\"Time of Birth (e.g. 08.30 european Standard )\" value=\"\" type=\"text\" name=\"text-565\" \/><\/span>\n<\/div>\n<\/div>\n<\/div> \n\n\n\n<div>\n<span class=\"wpcf7-form-control-wrap\" data-name=\"textarea-935\"><textarea cols=\"40\" rows=\"10\" maxlength=\"2000\" class=\"wpcf7-form-control wpcf7-textarea\" aria-invalid=\"false\" placeholder=\"Notes\" name=\"textarea-935\"><\/textarea><\/span>\n<\/div>\n<div style=\" text-align: center; margin-top: 20px;\"><input class=\"wpcf7-form-control wpcf7-submit has-spinner\" type=\"submit\" value=\"Submit\" \/><\/div><div class=\"wpcf7-response-output\" aria-hidden=\"true\"><\/div>\n<\/form>\n<\/div>\n<\/div>\n\t\t\t\t<\/div>\n\t\t\t\t<\/div>\n\t\t\t\t\t<\/div>\n\t\t<\/div>\n\t\t\t\t\t<\/div>\n\t\t<\/section>\n\t\t\t\t<section class=\"elementor-section elementor-top-section elementor-element elementor-element-fc104fe elementor-section-full_width elementor-section-height-default elementor-section-height-default parallax_section_no qode_elementor_container_no\" data-id=\"fc104fe\" data-element_type=\"section\" data-e-type=\"section\">\n\t\t\t\t\t\t<div class=\"elementor-container elementor-column-gap-no\">\n\t\t\t\t\t<div class=\"elementor-column elementor-col-100 elementor-top-column elementor-element elementor-element-9b0a9bb\" data-id=\"9b0a9bb\" data-element_type=\"column\" data-e-type=\"column\">\n\t\t\t<div class=\"elementor-widget-wrap elementor-element-populated\">\n\t\t\t\t\t\t<div class=\"elementor-element elementor-element-2a5bc89 elementor-widget elementor-widget-image\" data-id=\"2a5bc89\" data-element_type=\"widget\" data-e-type=\"widget\" data-widget_type=\"image.default\">\n\t\t\t\t\t\t\t\t\t\t\t\t\t\t\t<img fetchpriority=\"high\" decoding=\"async\" width=\"1920\" height=\"1100\" src=\"https:\/\/underdevelopment.website\/wp-content\/uploads\/2025\/10\/mystical-tarot-reading-session-with-candles-crystals-wooden-table-capturing-spiritual.jpg\" class=\"attachment-full size-full wp-image-353\" alt=\"\" srcset=\"https:\/\/underdevelopment.website\/wp-content\/uploads\/2025\/10\/mystical-tarot-reading-session-with-candles-crystals-wooden-table-capturing-spiritual.jpg 1920w, https:\/\/underdevelopment.website\/wp-content\/uploads\/2025\/10\/mystical-tarot-reading-session-with-candles-crystals-wooden-table-capturing-spiritual-300x172.jpg 300w, https:\/\/underdevelopment.website\/wp-content\/uploads\/2025\/10\/mystical-tarot-reading-session-with-candles-crystals-wooden-table-capturing-spiritual-1024x587.jpg 1024w, https:\/\/underdevelopment.website\/wp-content\/uploads\/2025\/10\/mystical-tarot-reading-session-with-candles-crystals-wooden-table-capturing-spiritual-768x440.jpg 768w, https:\/\/underdevelopment.website\/wp-content\/uploads\/2025\/10\/mystical-tarot-reading-session-with-candles-crystals-wooden-table-capturing-spiritual-1536x880.jpg 1536w, https:\/\/underdevelopment.website\/wp-content\/uploads\/2025\/10\/mystical-tarot-reading-session-with-candles-crystals-wooden-table-capturing-spiritual-345x198.jpg 345w, https:\/\/underdevelopment.website\/wp-content\/uploads\/2025\/10\/mystical-tarot-reading-session-with-candles-crystals-wooden-table-capturing-spiritual-700x401.jpg 700w\" sizes=\"(max-width: 1920px) 100vw, 1920px\" \/>\t\t\t\t\t\t\t\t\t\t\t\t\t\t\t<\/div>\n\t\t\t\t\t<\/div>\n\t\t<\/div>\n\t\t\t\t\t<\/div>\n\t\t<\/section>\n\t\t\t\t<\/div>\n\t\t","protected":false},"excerpt":{"rendered":"<p>Kontaktieren Sie uns Wir freuen uns, von Ihnen zu h\u00f6ren und Ihre Fragen pers\u00f6nlich zu beantworten. F\u00fcllen Sie einfach das Formular aus, und wir melden uns so bald wie m\u00f6glich bei Ihnen.<\/p>\n","protected":false},"author":1,"featured_media":0,"parent":0,"menu_order":0,"comment_status":"closed","ping_status":"closed","template":"full_width.php","meta":{"footnotes":""},"class_list":["post-144","page","type-page","status-publish","hentry"],"yoast_head":"<!-- This site is optimized with the Yoast SEO plugin v27.4 - https:\/\/yoast.com\/product\/yoast-seo-wordpress\/ -->\n<title>Kontaktieren Sie uns - Vedische Astrologie \u2013 Pers\u00f6nliche Horoskope f\u00fcr Liebe, Karriere &amp; Leben<\/title>\n<meta name=\"robots\" content=\"index, follow, max-snippet:-1, max-image-preview:large, max-video-preview:-1\" \/>\n<link rel=\"canonical\" href=\"https:\/\/underdevelopment.website\/?page_id=144\" \/>\n<meta property=\"og:locale\" content=\"en_US\" \/>\n<meta property=\"og:type\" content=\"article\" \/>\n<meta property=\"og:title\" content=\"Kontaktieren Sie uns - Vedische Astrologie \u2013 Pers\u00f6nliche Horoskope f\u00fcr Liebe, Karriere &amp; Leben\" \/>\n<meta property=\"og:description\" content=\"Kontaktieren Sie uns Wir freuen uns, von Ihnen zu h\u00f6ren und Ihre Fragen pers\u00f6nlich zu beantworten. F\u00fcllen Sie einfach das Formular aus, und wir melden uns so bald wie m\u00f6glich bei Ihnen.\" \/>\n<meta property=\"og:url\" content=\"https:\/\/underdevelopment.website\/?page_id=144\" \/>\n<meta property=\"og:site_name\" content=\"Vedische Astrologie \u2013 Pers\u00f6nliche Horoskope f\u00fcr Liebe, Karriere &amp; Leben\" \/>\n<meta property=\"article:modified_time\" content=\"2025-10-17T09:58:24+00:00\" \/>\n<meta property=\"og:image\" content=\"http:\/\/underdevelopment.website\/wp-content\/uploads\/2025\/10\/mystical-tarot-reading-session-with-candles-crystals-wooden-table-capturing-spiritual.jpg\" \/>\n<meta name=\"twitter:card\" content=\"summary_large_image\" \/>\n<script type=\"application\/ld+json\" class=\"yoast-schema-graph\">{\"@context\":\"https:\\\/\\\/schema.org\",\"@graph\":[{\"@type\":\"WebPage\",\"@id\":\"https:\\\/\\\/underdevelopment.website\\\/?page_id=144\",\"url\":\"https:\\\/\\\/underdevelopment.website\\\/?page_id=144\",\"name\":\"Kontaktieren Sie uns - Vedische Astrologie \u2013 Pers\u00f6nliche Horoskope f\u00fcr Liebe, Karriere &amp; Leben\",\"isPartOf\":{\"@id\":\"https:\\\/\\\/underdevelopment.website\\\/#website\"},\"primaryImageOfPage\":{\"@id\":\"https:\\\/\\\/underdevelopment.website\\\/?page_id=144#primaryimage\"},\"image\":{\"@id\":\"https:\\\/\\\/underdevelopment.website\\\/?page_id=144#primaryimage\"},\"thumbnailUrl\":\"http:\\\/\\\/underdevelopment.website\\\/wp-content\\\/uploads\\\/2025\\\/10\\\/mystical-tarot-reading-session-with-candles-crystals-wooden-table-capturing-spiritual.jpg\",\"datePublished\":\"2020-07-03T13:15:41+00:00\",\"dateModified\":\"2025-10-17T09:58:24+00:00\",\"breadcrumb\":{\"@id\":\"https:\\\/\\\/underdevelopment.website\\\/?page_id=144#breadcrumb\"},\"inLanguage\":\"en-US\",\"potentialAction\":[{\"@type\":\"ReadAction\",\"target\":[\"https:\\\/\\\/underdevelopment.website\\\/?page_id=144\"]}]},{\"@type\":\"ImageObject\",\"inLanguage\":\"en-US\",\"@id\":\"https:\\\/\\\/underdevelopment.website\\\/?page_id=144#primaryimage\",\"url\":\"http:\\\/\\\/underdevelopment.website\\\/wp-content\\\/uploads\\\/2025\\\/10\\\/mystical-tarot-reading-session-with-candles-crystals-wooden-table-capturing-spiritual.jpg\",\"contentUrl\":\"http:\\\/\\\/underdevelopment.website\\\/wp-content\\\/uploads\\\/2025\\\/10\\\/mystical-tarot-reading-session-with-candles-crystals-wooden-table-capturing-spiritual.jpg\"},{\"@type\":\"BreadcrumbList\",\"@id\":\"https:\\\/\\\/underdevelopment.website\\\/?page_id=144#breadcrumb\",\"itemListElement\":[{\"@type\":\"ListItem\",\"position\":1,\"name\":\"Home\",\"item\":\"https:\\\/\\\/underdevelopment.website\\\/\"},{\"@type\":\"ListItem\",\"position\":2,\"name\":\"Kontaktieren Sie uns\"}]},{\"@type\":\"WebSite\",\"@id\":\"https:\\\/\\\/underdevelopment.website\\\/#website\",\"url\":\"https:\\\/\\\/underdevelopment.website\\\/\",\"name\":\"Vedische Astrologie \u2013 Pers\u00f6nliche Horoskope f\u00fcr Liebe, Karriere & Leben\",\"description\":\"Entdecke dein pers\u00f6nliches Horoskop mit pr\u00e4ziser vedischer Astrologie. Erhalte Klarheit \u00fcber Liebe, Beziehungen, Karriere, Kinder und deinen Lebensweg. Verstehe Muster, nutze Chancen und finde Orientierung f\u00fcr dein Leben.\",\"publisher\":{\"@id\":\"https:\\\/\\\/underdevelopment.website\\\/#organization\"},\"potentialAction\":[{\"@type\":\"SearchAction\",\"target\":{\"@type\":\"EntryPoint\",\"urlTemplate\":\"https:\\\/\\\/underdevelopment.website\\\/?s={search_term_string}\"},\"query-input\":{\"@type\":\"PropertyValueSpecification\",\"valueRequired\":true,\"valueName\":\"search_term_string\"}}],\"inLanguage\":\"en-US\"},{\"@type\":\"Organization\",\"@id\":\"https:\\\/\\\/underdevelopment.website\\\/#organization\",\"name\":\"Vedische Astrologie \u2013 Pers\u00f6nliche Horoskope f\u00fcr Liebe, Karriere & Leben\",\"url\":\"https:\\\/\\\/underdevelopment.website\\\/\",\"logo\":{\"@type\":\"ImageObject\",\"inLanguage\":\"en-US\",\"@id\":\"https:\\\/\\\/underdevelopment.website\\\/#\\\/schema\\\/logo\\\/image\\\/\",\"url\":\"https:\\\/\\\/underdevelopment.website\\\/wp-content\\\/uploads\\\/2025\\\/10\\\/logo-original.png\",\"contentUrl\":\"https:\\\/\\\/underdevelopment.website\\\/wp-content\\\/uploads\\\/2025\\\/10\\\/logo-original.png\",\"width\":250,\"height\":225,\"caption\":\"Vedische Astrologie \u2013 Pers\u00f6nliche Horoskope f\u00fcr Liebe, Karriere & Leben\"},\"image\":{\"@id\":\"https:\\\/\\\/underdevelopment.website\\\/#\\\/schema\\\/logo\\\/image\\\/\"}}]}<\/script>\n<!-- \/ Yoast SEO plugin. -->","yoast_head_json":{"title":"Kontaktieren Sie uns - Vedische Astrologie \u2013 Pers\u00f6nliche Horoskope f\u00fcr Liebe, Karriere &amp; Leben","robots":{"index":"index","follow":"follow","max-snippet":"max-snippet:-1","max-image-preview":"max-image-preview:large","max-video-preview":"max-video-preview:-1"},"canonical":"https:\/\/underdevelopment.website\/?page_id=144","og_locale":"en_US","og_type":"article","og_title":"Kontaktieren Sie uns - Vedische Astrologie \u2013 Pers\u00f6nliche Horoskope f\u00fcr Liebe, Karriere &amp; Leben","og_description":"Kontaktieren Sie uns Wir freuen uns, von Ihnen zu h\u00f6ren und Ihre Fragen pers\u00f6nlich zu beantworten. F\u00fcllen Sie einfach das Formular aus, und wir melden uns so bald wie m\u00f6glich bei Ihnen.","og_url":"https:\/\/underdevelopment.website\/?page_id=144","og_site_name":"Vedische Astrologie \u2013 Pers\u00f6nliche Horoskope f\u00fcr Liebe, Karriere &amp; Leben","article_modified_time":"2025-10-17T09:58:24+00:00","og_image":[{"url":"http:\/\/underdevelopment.website\/wp-content\/uploads\/2025\/10\/mystical-tarot-reading-session-with-candles-crystals-wooden-table-capturing-spiritual.jpg","type":"","width":"","height":""}],"twitter_card":"summary_large_image","schema":{"@context":"https:\/\/schema.org","@graph":[{"@type":"WebPage","@id":"https:\/\/underdevelopment.website\/?page_id=144","url":"https:\/\/underdevelopment.website\/?page_id=144","name":"Kontaktieren Sie uns - Vedische Astrologie \u2013 Pers\u00f6nliche Horoskope f\u00fcr Liebe, Karriere &amp; Leben","isPartOf":{"@id":"https:\/\/underdevelopment.website\/#website"},"primaryImageOfPage":{"@id":"https:\/\/underdevelopment.website\/?page_id=144#primaryimage"},"image":{"@id":"https:\/\/underdevelopment.website\/?page_id=144#primaryimage"},"thumbnailUrl":"http:\/\/underdevelopment.website\/wp-content\/uploads\/2025\/10\/mystical-tarot-reading-session-with-candles-crystals-wooden-table-capturing-spiritual.jpg","datePublished":"2020-07-03T13:15:41+00:00","dateModified":"2025-10-17T09:58:24+00:00","breadcrumb":{"@id":"https:\/\/underdevelopment.website\/?page_id=144#breadcrumb"},"inLanguage":"en-US","potentialAction":[{"@type":"ReadAction","target":["https:\/\/underdevelopment.website\/?page_id=144"]}]},{"@type":"ImageObject","inLanguage":"en-US","@id":"https:\/\/underdevelopment.website\/?page_id=144#primaryimage","url":"http:\/\/underdevelopment.website\/wp-content\/uploads\/2025\/10\/mystical-tarot-reading-session-with-candles-crystals-wooden-table-capturing-spiritual.jpg","contentUrl":"http:\/\/underdevelopment.website\/wp-content\/uploads\/2025\/10\/mystical-tarot-reading-session-with-candles-crystals-wooden-table-capturing-spiritual.jpg"},{"@type":"BreadcrumbList","@id":"https:\/\/underdevelopment.website\/?page_id=144#breadcrumb","itemListElement":[{"@type":"ListItem","position":1,"name":"Home","item":"https:\/\/underdevelopment.website\/"},{"@type":"ListItem","position":2,"name":"Kontaktieren Sie uns"}]},{"@type":"WebSite","@id":"https:\/\/underdevelopment.website\/#website","url":"https:\/\/underdevelopment.website\/","name":"Vedische Astrologie \u2013 Pers\u00f6nliche Horoskope f\u00fcr Liebe, Karriere & Leben","description":"Entdecke dein pers\u00f6nliches Horoskop mit pr\u00e4ziser vedischer Astrologie. Erhalte Klarheit \u00fcber Liebe, Beziehungen, Karriere, Kinder und deinen Lebensweg. Verstehe Muster, nutze Chancen und finde Orientierung f\u00fcr dein Leben.","publisher":{"@id":"https:\/\/underdevelopment.website\/#organization"},"potentialAction":[{"@type":"SearchAction","target":{"@type":"EntryPoint","urlTemplate":"https:\/\/underdevelopment.website\/?s={search_term_string}"},"query-input":{"@type":"PropertyValueSpecification","valueRequired":true,"valueName":"search_term_string"}}],"inLanguage":"en-US"},{"@type":"Organization","@id":"https:\/\/underdevelopment.website\/#organization","name":"Vedische Astrologie \u2013 Pers\u00f6nliche Horoskope f\u00fcr Liebe, Karriere & Leben","url":"https:\/\/underdevelopment.website\/","logo":{"@type":"ImageObject","inLanguage":"en-US","@id":"https:\/\/underdevelopment.website\/#\/schema\/logo\/image\/","url":"https:\/\/underdevelopment.website\/wp-content\/uploads\/2025\/10\/logo-original.png","contentUrl":"https:\/\/underdevelopment.website\/wp-content\/uploads\/2025\/10\/logo-original.png","width":250,"height":225,"caption":"Vedische Astrologie \u2013 Pers\u00f6nliche Horoskope f\u00fcr Liebe, Karriere & Leben"},"image":{"@id":"https:\/\/underdevelopment.website\/#\/schema\/logo\/image\/"}}]}},"_links":{"self":[{"href":"https:\/\/underdevelopment.website\/index.php?rest_route=\/wp\/v2\/pages\/144","targetHints":{"allow":["GET"]}}],"collection":[{"href":"https:\/\/underdevelopment.website\/index.php?rest_route=\/wp\/v2\/pages"}],"about":[{"href":"https:\/\/underdevelopment.website\/index.php?rest_route=\/wp\/v2\/types\/page"}],"author":[{"embeddable":true,"href":"https:\/\/underdevelopment.website\/index.php?rest_route=\/wp\/v2\/users\/1"}],"replies":[{"embeddable":true,"href":"https:\/\/underdevelopment.website\/index.php?rest_route=%2Fwp%2Fv2%2Fcomments&post=144"}],"version-history":[{"count":0,"href":"https:\/\/underdevelopment.website\/index.php?rest_route=\/wp\/v2\/pages\/144\/revisions"}],"wp:attachment":[{"href":"https:\/\/underdevelopment.website\/index.php?rest_route=%2Fwp%2Fv2%2Fmedia&parent=144"}],"curies":[{"name":"wp","href":"https:\/\/api.w.org\/{rel}","templated":true}]}}